).
-4
Let j(a) = -371*a**3 + a**2 - 31*a - 32. Give j(-1).
371
Let l(m) = 19*m**3 + m**2 + 2*m + 1. Give l(0).
1
Let x(f) = f**3 + 2*f**2 - 223*f - 29. Give x(-16).
-45
Let h(n) = 3*n**3 + 13*n**2 + 5*n - 11. Determine h(-5).
-86
Let t(c) = -30*c**2 - 1170*c - 6. Calculate t(-39).
-6
Let v(s) = -7*s**2 + 257*s - 189. Determine v(36).
-9
Let g(s) = -3957*s - 7952. Calculate g(-2).
-38
Let k(z) = -23*z**2 + 353*z - 39. What is k(15)?
81
Let c(v) = v**2 + 17*v - 173. What is c(-24)?
-5
Let x(y) = -2*y**2 - 48*y + 115. Determine x(-37).
-847
Let h(i) = 455*i - 557. Calculate h(1).
-102
Let d(s) = -15*s - 132. Give d(-14).
78
Let b(s) = s**3 + 20*s**2 + 59*s + 726. What is b(-19)?
-34
Let j(u) = -147*u - 1041. Give j(-7).
-12
Let r(y) = -2*y**3 - 35*y**2 - 71*y + 30. Determine r(-14).
-348
Let c(g) = g**2 + 16*g - 953. Calculate c(24).
7
Let k(a) = a**3 - 5*a**2 - 145*a - 6. Determine k(-10).
-56
Let a(u) = -2*u**3 - 30*u**2 - 12*u + 62. Calculate a(-12).
-658
Let q(t) = -2*t**3 + 12*t**2 - 4*t + 1. What is q(5)?
31
Let h(w) = -2*w**3 - 192*w**2 - 617*w - 5482. Calculate h(-93).
5
Let k(m) = m - 220. Determine k(35).
-185
Let a(r) = -3*r**3 + 18*r**2 + 119*r + 17. Give a(10).
7
Let z(i) = i**3 - 4*i**2 + 8*i - 79. Give z(6).
41
Let b(s) = 518*s - 3025. What is b(6)?
83
Let k(w) = 38*w - 187. What is k(-9)?
-529
Let j(q) = q**2 + 15*q + 21. Determine j(-13).
-5
Let h(k) = -k**3 - 11*k**2 - 2*k - 24. Calculate h(-12).
144
Let k(a) = -1234*a - 19747. Determine k(-16).
-3
Let c(n) = 137*n - 3787. Calculate c(28).
49
Let i(q) = 73*q**2 - 462*q + 918. Give i(2).
286
Let h(w) = -105*w + 590. Give h(9).
-355
Let o(b) = 170*b + 1193. Give o(-7).
3
Let i(j) = 10360*j + 93217. Determine i(-9).
-23
Let g(y) = -125*y**3 - 3*y**2 - 2*y - 1. What is g(-1)?
123
Let k(n) = -28*n**2 + 247*n - 498. Determine k(2).
-116
Let f(j) = -473*j - 2377. Give f(-5).
-12
Let p(a) = -2*a**3 + 2*a**2 + 481*a - 8. What is p(0)?
-8
Let v(j) = -4579*j - 64101. Give v(-14).
5
Let a(y) = 8*y**2 + 34*y + 13. Give a(-4).
5
Let y(a) = -a**3 - 276*a + 836. What is y(3)?
-19
Let t(f) = f**3 + 46*f**2 + 73*f + 3368. Determine t(-46).
10
Let x(g) = 45*g**2 - 1351*g + 30. Give x(30).
0
Let t(x) = x**3 + 5*x**2 - 1195*x - 4789. What is t(-4)?
7
Let z(r) = -2780*r - 2812. Determine z(-1).
-32
Let l(x) = x**2 - 37*x - 714. Calculate l(51).
0
Let j(r) = 1201*r + 87672. Calculate j(-73).
-1
Let u(d) = 576*d + 2884. Determine u(-5).
4
Let q(u) = u**3 + 8*u**2 - 7*u + 6. Calculate q(-9).
-12
Let d(l) = -l**2 - 39*l + 1806. Give d(29).
-166
Let z(i) = i**3 - 12*i**2 - 38*i + 1. Determine z(-5).
-234
Let g(z) = z**3 - 31*z**2 - 67*z + 28. Determine g(33).
-5
Let i(w) = 162*w - 723. Give i(5).
87
Let v(s) = -10314*s + 61859. Give v(6).
-25
Let s(z) = 2*z**2 + 46*z + 248. Determine s(-16).
24
Let y(t) = -29*t + 2469. Determine y(88).
-83
Let m(t) = -26*t - 1530. Give m(-70).
290
Let p(k) = -86*k + 2735. Give p(32).
-17
Let m(z) = -29*z**2 - 11*z + 23. Determine m(2).
-115
Let v(b) = -33*b**2 + 56*b - 57. Determine v(1).
-34
Let a(v) = v**2 - 1554*v + 4675. Determine a(3).
22
Let w(r) = 33*r. Give w(8).
264
Let i(z) = -7*z**2 + 54*z - 127. Calculate i(5).
-32
Let n(x) = 5*x**2 + 5153*x + 5151. Determine n(-1).
3
Let t(h) = -170*h + 1372. Calculate t(8).
12
Let x(l) = -3*l**2 - 64*l + 67. Give x(1).
0
Let b(h) = 342*h + 1729. What is b(-5)?
19
Let k(x) = -x**2 - 133*x - 2715. What is k(-25)?
-15
Let i(d) = -27*d**2 - 128*d + 2. Determine i(-5).
-33
Let y(u) = -38*u**2 - 156*u - 21. Give y(-4).
-5
Let r(i) = 26*i - 326. Give r(10).
-66
Let n(j) = 29*j - 1258. What is n(40)?
-98
Let q(v) = 4*v**2 - 60*v + 2. Give q(16).
66
Let w(y) = 151*y - 3052. What is w(22)?
270
Let o(n) = n**2 - 87*n + 265. Give o(3).
13
Let p(k) = 54*k**2 - 37*k - 70. What is p(-2)?
220
Let t(i) = -i**3 + 30*i**2 + 174*i + 5. Determine t(-5).
10
Let d(p) = -4*p**2 - 74*p + 40. Calculate d(-20).
-80
Let j(i) = -5*i**3 + 2*i**2 + 430*i - 1278. Determine j(3).
-105
Let y(i) = -52*i**2 - 118*i - 35. Calculate y(-2).
-7
Let o(y) = 7372*y + 7379. Give o(-1).
7
Let r(f) = f**2 + 306*f - 1. Determine r(0).
-1
Let l(o) = -40*o + 248. Determine l(6).
8
Let s(t) = -1749*t - 6988. What is s(-4)?
8
Let h(o) = o**2 + 17*o - 40. Determine h(-18).
-22
Let i(q) = q**2 + 23*q - 18. Determine i(1).
6
Let k(a) = -15*a**3 + 616*a**2 - 50*a + 372. Determine k(41).
3
Let d(y) = -7*y**2 - 15*y - 14. Give d(-2).
-12
Let g(z) = 368*z**3 - 165*z**2 - 169*z - 2. Calculate g(-1).
-366
Let j(a) = 2*a**2 - 153*a - 392. Calculate j(79).
3
Let d(s) = -s**2 - 10*s + 37. Calculate d(7).
-82
Let v(j) = -2*j**3 - 57*j**2 + 26*j - 99. Give v(-29).
-12
Let a(q) = q**3 - 5*q**2 + 13*q - 48. Determine a(11).
821
Let y(r) = 2*r**3 - 2*r**2 - 12*r + 1. Calculate y(-3).
-35
Let z(c) = c**3 - 18*c**2 + 47*c - 26. Give z(15).
4
Let i(z) = -10*z**2 + 168*z - 397. What is i(3)?
17
Let y(m) = m**3 - 130*m**2 - 2012*m - 588. Calculate y(144).
-12
Let w(t) = 3*t**3 - 4*t**2 + 5*t - 4. Determine w(2).
14
Let d(p) = -2*p**2 + 71*p - 48. Determine d(34).
54
Let o(n) = -27*n + 1521. Give o(56).
9
Let p(l) = -2*l**2 - 2793*l - 5582. What is p(-2)?
-4
Let h(d) = d**2 + 66*d - 4372. Determine h(41).
15
Let y(s) = -6*s + 46. Calculate y(21).
-80
Let j(v) = -4*v + 114. Give j(-16).
178
Let f(v) = -v**3 - 22*v**2 - 20*v + 41. What is f(-21)?
20
Let b(l) = 14*l**2 - 2*l - 4. What is b(2)?
48
Let m(g) = -8*g**3 + g**2 - 4*g - 4. What is m(-2)?
72
Let j(w) = -30*w + 121. Determine j(4).
1
Let y(w) = w**2 - 83*w + 1640. What is y(51)?
8
Let d(z) = 2*z**3 + 2*z**2 - z + 13. What is d(3)?
82
Let b(w) = 598*w - 2405. Determine b(4).
-13
Let s(q) = q**3 - q**2 + 8*q + 22. Calculate s(0).
22
Let g(w) = -988*w - 15825. Give g(-16).
-17
Let x(s) = 144*s + 1863. Give x(-13).
-9
Let c(i) = -2*i**3 - 15*i**2 + 8*i + 126. What is c(-10)?
546
Let o(z) = z**3 - 29*z**2 + 29*z - 36. Give o(28).
-8
Let q(t) = 6*t**2 + 523*t - 472. Give q(-88).
-32
Let i(p) = -17*p**2 + 20*p - 30. Give i(4).
-222
Let w(s) = -275*s + 3498. Calculate w(13).
-77
Let i(s) = 4418*s + 53024. Give i(-12).
8
Let q(k) = k**2 - k - 146. Give q(11).
-36
Let k(w) = 19*w + 195. Give k(-10).
5
Let r(w) = 2*w**3 + 42*w**2 + 222*w + 67. Give r(-9).
13
Let b(k) = -18*k + 625. Determine b(59).
-437
Let z(m) = -1334*m + 2670. Calculate z(2).
2
Let v(r) = 2*r**3 + 10*r**2 - 185*r - 943. Calculate v(-5).
-18
Let p(s) = -4*s**2 - s + 2. Determine p(-2).
-12
Let i(a) = -a**2 + 3*a - 33. Determine i(4).
-37
Let u(p) = 2*p**2 - 20*p - 1574. Give u(34).
58
Let n(a) = -a**3 + 13*a**2 + 7*a - 92. Determine n(11).
227
Let h(n) = n**2 + 15*n - 55. Calculate h(-20).
45
Let i(a) = -23*a**2 + 88*a - 448. What is i(5)?
-583
Let f(h) = -h**3 - 38*h**2 - 53*h + 580. Calculate f(-36).
-104
Let l(c) = 20*c - 171. Determine l(8).
-11
Let t(y) = 2*y**3 + 27*y**2 - 654*y - 114. Give t(-26).
-10
Let d(x) = -2*x**3 - 4*x**2 + 20*x + 23. Give d(-4).
7
Let p(l) = -11*l - 402. Determine p(-38).
16
Let b(m) = -181*m - 2910. Determine b(-16).
-14
Let u(h) = -h**3 - 4*h**2 - 2*h - 284. Calculate u(-8).
-12
Let a(s) = -s**3 - 34*s**2 + 34*s - 71. Determine a(-35).
-36
Let t(v) = 12*v**3 - 3*v**2 + 10*v + 12. What is t(-1)?
-13
Let h(g) = -32*g + 740. What is h(23)?
4
Let l(t) = -2*t**2 + 1587*t - 26386. Calculate l(17).
15
Let k(r) = 137*r - 302. Determine k(2).
-28
Let m(s) = s**3 - 8*s**2 - 3*s - 17. What is m(7)?
-87
Let k(z) = 27*z**2 + 1244*z + 57. Determine k(-46).
-35
Let w(b) = 296*b + 574. Determine w(-2).
-18
Let s(a) = 416*a - 2090. Calculate s(5).
-10
Let o(h) = 13*h**2 - 59*h + 22. Give o(4).
-6
Let u(f) = 31*f + 783. Give u(-25).
8
Let a(r) = 92*r - 178. Give a(7).
466
Let x(m) = 91*m - 527. What is x(4)?
-163
Let q(i) = -6*i**3 + 9*i**2 + 32*i + 25. Determine q(-1).
8
Let r(t) = 3*t**3 + 31*t - 61. Determine r(2).
25
Let i(m) = -2112*m + 10563. Calculate i(5).
3
Let n(q) = 285*q - 2145. What is n(6)?
-435
Let u(n) = -2*n**2 - 26*n + 491. Calculate u(10).
31
Let f(q) = 129*q + 1209. Determine f(-9).
48
Let f(y) = -y**3 + 277*y**2 - 579*y + 58. Calculate f(2).
0
Let o(w) = w**3 + 17*w**2 + 54*w + 40. Give o(-3).
4
Let s(d) = 2*d**2 + 53*d + 335. Determine s(-10).
5
Let b(u) = 938*u + 953. What is b(-1)?
15
Let z(a) = -184*a - 3. What is z(0)?
-3
Let n(x) = x**3 